m**3 - 6*m**2 + 1. Is g(-8) composite?
False
Is (-15)/(945/14) + 1018365/27 composite?
False
Let q(l) be the second derivative of 19*l**4/6 - l**3/2 + l**2 + l. Let m = 63 - 62. Is q(m) a composite number?
False
Suppose 0 = -4*g + 7*g - 12. Is -301*g/(20/(-5)) a prime number?
False
Suppose 36335 = 12*i - 11137. Let k = i - 1379. Is k a composite number?
True
Suppose 3*j + 3 = 4*j. Is -1 + j + 907 + 2 a composite number?
False
Suppose 229984 = -32*d + 1413888. Is d composite?
False
Let d(t) = -162*t**2 - t. Let j(o) = -324*o**2 - 2*o. Let g(i) = -5*d(i) + 2*j(i). Is g(1) prime?
True
Let t = -3 - -8. Suppose -t = -3*w + 7. Is 357/(-6)*(2 - w) a prime number?
False
Let d = 341 + 186. Suppose r = -p - d, -p - 4*r - 2631 = 4*p. Let x = p + 896. Is x composite?
False
Let u(c) = -2*c**2 - 10*c + 4. Let h be u(-5). Suppose 4*l = -4*o - 4 - 8, h*o = l - 12. Is (-316)/o - 2/(-3) composite?
True
Let c(a) = 173*a**2 + 2*a - 9. Is c(4) a prime number?
True
Let q = 80417 - 48920. Is q a composite number?
True
Suppose -6 = -6*c + 6. Is 817 + (-4 - -4 - c) composite?
True
Suppose -h = 2*h - 5*h. Is 33 + h - (-4 - -6) a composite number?
False
Suppose 0 = 5*t - 18423 - 20392. Is t a prime number?
False
Suppose 2*f = s + 36 + 18, -5*f = -2*s - 136. Let x = f - -63. Is x a prime number?
False
Is 4*(4 + 103780/16) a prime number?
False
Suppose -2*u - 25*u = -345357. Is u a prime number?
True
Let r(f) = f**3 - 7*f**2 - 6*f - 3. Let v be r(-6). Let z = v - -677. Let i = 421 - z. Is i prime?
True
Suppose 2*q = 5814 + 1868. Is q prime?
False
Let v be 2*1*15/6. Let a = 465 - 272. Suppose 287 = 3*p + 5*b, 5*p + v*b = 3*p + a. Is p a prime number?
False
Let w(x) = 2*x**2 + x - 3. Let r be w(5). Suppose r = 3*s - 11. Is ((-1)/3 - -1)*s a composite number?
True
Suppose 40 = 6*h + 2*h. Suppose -5*f = 5*k - f - 437, 0 = -h*f - 10. Is k composite?
False
Suppose 618274 = 12*p + 144550. Is p a composite number?
True
Let i(t) = -6*t - 34. Let z be i(-5). Is -2*(7*362/z - -4) a composite number?
False
Suppose -p - 1286 = 4*f - 2*f, 0 = -5*f + 5*p - 3200. Let z = 127 - f. Is z composite?
False
Let k(c) = -3*c**3 - 3*c**2 + 55. Is k(-8) a composite number?
False
Let o be 15/50 + 371/(-70). Let y(j) = 6*j**2 - 2*j - 10 - 1 + 0. Is y(o) prime?
True
Suppose -2*m + 24 = 2*k, -21 = -2*m - 3*k + 4*k. Let y = 41 + -15. Let w = y + m. Is w composite?
False
Let x(a) = -28*a + 37. Is x(-16) prime?
False
Suppose -49 = -3*d - 4. Suppose d*y + 2*y = 6205. Is y prime?
False
Let i(a) = a + 1. Let s(d) = -51*d**2 - 3*d - 7. Let b(m) = -6*i(m) - s(m). Let q be 4*(-2)/10*35/14. Is b(q) composite?
False
Suppose -z + 2*z = 0. Suppose -2*j = a - 6 - 6, z = -5*a + 2*j. Suppose k + 6243 = 5*k - g, a*k + 3*g - 3125 = 0. Is k composite?
True
Let c(s) = s + 1. Let l be c(-5). Let x(g) = 32*g**3 - 2*g - 5. Let y(m) = -33*m**3 + m + 4. Let i(k) = l*y(k) - 3*x(k). Is i(1) a composite number?
False
Suppose 4*w = 16, -3*q + 4*w = w. Suppose 980 = q*i - 4*z, i + 0*z - 233 = 4*z. Is i composite?
True
Let f be ((-6)/(-4))/(5 + 27/(-6)). Suppose -5*w = 2*c + 3*c - 10160, -8123 = -4*w - f*c. Is w a prime number?
True
Let i(p) = 113*p - 4. Let d be i(8). Let q = d - 597. Suppose 3*b = 4*c - 7*c + q, -420 = -4*c + 4*b. Is c prime?
True
Let z = 2903 - -2696. Is z a composite number?
True
Suppose -3*q = -15*q + 5340. Suppose 0 = 9*v - 194 - q. Is v a composite number?
False
Let w = 24294 + -15239. Suppose w = 7*t + 2174. Is t prime?
True
Is (-8770)/2*(-10)/50 a prime number?
True
Let s be 60/6*(1 - -4). Let c = 306 + -147. Let p = c - s. Is p composite?
False
Let d = 5885 + -1839. Suppose 2*r - 2092 = 3*p - 477, -5*r + d = p. Is r prime?
True
Let h = 14 - 17. Let d = h - 13. Is (1724/d + -2)*-4 composite?
False
Let q be (-2645)/10 + 4 - 1/(-2). Let c = q + 562. Is c composite?
True
Suppose f + 3 = -1. Is 471 + ((-4)/f - 3) prime?
False
Let i = -826 - -428. Let m = i - -655. Is m prime?
True
Suppose z = -3*f - 2*f + 2, -4*z + 8 = 3*f. Suppose 13*o - 14*o + 895 = f. Is o composite?
True
Let d = 19281 + -6626. Is d prime?
False
Let v(o) = 5*o - 4*o - 17 + 25. Let s be v(-8). Suppose s = -6*q + q + 885. Is q prime?
False
Suppose 3*y = -y + 100. Suppose 3*h - y = -2*h. Suppose -h*m - 243 = -4*c - 4*m, -2*c = -4*m - 104. Is c a prime number?
False
Is (11 + (-23)/3)*6738/4 a prime number?
False
Let p(t) = -3*t**2 - 22*t + 23. Let q(b) = 2*b**2 + 21*b - 22. Let s(y) = -3*p(y) - 4*q(y). Is s(-18) composite?
True
Suppose 117 = -5*i + 1312. Suppose 2*x - 310 = 2*l + 696, 5*x - 2503 = l. Let v = i + x. Is v a prime number?
True
Let a(c) = 8*c**2 - 10*c - 31. Let m(i) = -11*i**2 - 2*i. Let w be m(-1). Is a(w) prime?
False
Let i(h) = -h + 1. Let k be i(-3). Let g(f) = -f**3 + 2*f**2 + 9*f + 1. Let j be g(k). Is (20/8)/j*286 composite?
True
Suppose -29 = -3*a + 5*h, 3*a - 13 = 8*h - 7*h. Suppose 0 = a*o - 2*o - 1165. Is o prime?
False
Let z = 36589 + -25392. Is z prime?
True
Let t(x) = 83*x**2 - 17*x - 195. Is t(-28) prime?
True
Let i(d) = d**3 + 2*d**2 - 2*d - 12. Is i(7) composite?
True
Let r be ((-36)/(-2))/3 - -2. Let u = r + -10. Is (-1 + 0 - u)*37 prime?
True
Let i be (-11)/2 + (-4)/(-8) + 4. Let x(t) = -1942*t + 1. Is x(i) composite?
True
Let j(f) = 30*f**3 + 1. Suppose 4*x + 5 = 5*c - 7, 6 = -5*x + 4*c. Suppose -3*o = -5*o + x. Is j(o) a composite number?
False
Let s(z) = 3*z**3 - 18*z**2 + 10*z + 2. Is s(11) a prime number?
False
Let q(o) be the third derivative of o**4/24 - o**3/6 - 8*o**2. Let j be q(4). Is -2 + (942/2)/j a composite number?
True
Let y(v) = -5*v - 10. Let j be y(-3). Suppose -5 - 15 = -j*w. Is (518/w)/(3/6) prime?
False
Suppose 0 = 4*n + 3427 - 1039. Let c = n - -870. Let s = -50 + c. Is s composite?
False
Suppose -4*p + 5*w - 4 = -14, w + 2 = 2*p. Suppose p*l + 4*l = 20, 5*x = -5*l + 24330. Is x composite?
False
Suppose 7313751 = 38*y + 1451225. Is y composite?
False
Let b be (-4)/(-14) - 84/(-49). Suppose m = -4*j + 109, b*m - 5*j - 188 = -3*j. Is m a composite number?
False
Suppose -2 + 7 = q. Is (-1 - (4 - 9)) + q a composite number?
True
Is 4 - ((-2)/4 - (-2658)/(-4)) composite?
True
Let k be (1/(-5))/((-7)/35). Let l = k + 9. Suppose 0 = -5*t + l*t - 345. Is t composite?
True
Let k(v) = 155*v**2 - 2*v - 4. Let x be k(4). Let f be 8/(-12) + x/3. Let z = f + -455. Is z a composite number?
False
Suppose 5*j + 23 = 2*r - 23, -r = -5*j - 33. Suppose 3*h = -2*x - 13, 4*h - 6*h + 3*x - r = 0. Let c(l) = -4*l**3 + 3*l**2 + 4*l - 2. Is c(h) a prime number?
False
Let w(y) = -y**2 - 10*y - 2. Let l be w(-10). Let x be 3/l*(0 - 2). Suppose 72 = x*u - 75. Is u a composite number?
True
Let k = 63 - 63. Suppose k = -10*n - 7726 + 29756. Is n a prime number?
True
Let d(p) = -3*p + 18. Let r be d(6). Suppose -4*k + 4*m = 2*m - 308, r = -m. Is k a composite number?
True
Suppose -2*s = -2*a + 10, -2*a + 4*s + 20 = -0*a. Suppose a = -4*m - 52 - 44. Is 4/(-6) - 160/m a composite number?
True
Is (297645/21)/1 - 56/98 a prime number?
True
Let o be (-4 - 0/(-2)) + 1000. Is o/24*(38 + 0) prime?
False
Let i(k) = -156*k + 11. Let z(y) = -311*y + 23. Let a(b) = -5*i(b) + 2*z(b). Is a(2) composite?
False
Let o = 52 + -47. Is 911 - (3 + o + -4) a prime number?
True
Suppose -5*y - 12 = 4*o + 4, 2*o = 2. Let v(k) = 24*k**2 - 2*k - 1. Is v(y) a prime number?
False
Let h(d) = 519*d - 50. Is h(9) a composite number?
False
Let f be (0 - (-2 + -1))/1. Suppose -f*z = -0*z. Suppose -2*v - 2*v + 1340 = z. Is v a prime number?
False
Let h = 16387 + -9104. Is h prime?
True
Let u = 25 + -25. Suppose 4*m + u*k + 5*k + 2 = 0, -3*m = k - 4. Suppose -3*j + 2*z + 675 = 0, m*j + 6*z - 437 = 3*z. Is j a prime number?
True
Suppose -4 = -4*l - 2*z, 4*z + 11 = 5*l - 7. Suppose 5*q + 2525 = l*p + 844, -p + 837 = q. Is p a composite number?
True
Let d = 1 + 4. Suppose 4*w - 969 = d*c, 3*c - 4*w - w + 584 = 0. Let y = -2 - c. Is y composite?
False
Let q be (-124)/(-4) - 0/1. Suppose -5*g = -3*a + 1034, -5*g - 6 = -q. Is a composite?
False
Let y(w) = 49 - 44 - 42*w + 0*w. Is y(-1) composite?
False
Let u = -1 + 7. Let w(h) = 4*h**2 - 7*h + 4. Let x be w(u). Suppose -j - x = -3*j. Is j composite?
False
Let a(l) = 44*l**2 - 50*l + 35. Is a(16) prime?
True
Let p(k) = 600*k + 53. Is p(12) a prime number?
True
Let i = 972 - 238. Suppose 5*t + 3*f - i = -0*f,